48 - o, -2*a - 6 = 0. Let z = -34 - l. Determine q(z).
9
Let q = 9 - 8. Let b(p) be the first derivative of 5*p**2 - p + 16. Let y(d) = -30*d + 4. Let w(a) = -7*b(a) - 2*y(a). What is w(q)?
-11
Let w(r) = -3*r - 3*r - 4*r - 12. Let c be w(-5). Let i(z) = z + c - 18 - 20. Calculate i(-2).
-2
Let r(i) = i + 7. Let l be r(-2). Let a(f) = 4 - f + l*f - 2*f - 5. Determine a(2).
3
Suppose w = 0, -3*z - w = -0*w - 33. Let q(t) = 16*t**3 + 30*t**2 + 31*t + 16. Let v(f) = 3*f**3 + 6*f**2 + 6*f + 3. Let r(o) = z*v(o) - 2*q(o). Give r(-5).
6
Let j be (7 + -2)*3*(-3)/15. Let u = j - -4. Let b(v) = -13*v + 1. Determine b(u).
-12
Let z = 46 + -44. Let s(h) = 2*h**z - 14*h**3 + 3*h**2 + 1 + 2*h + 6*h**2 - 10*h**2. Determine s(-1).
14
Let j(i) be the second derivative of i**4/12 + 11*i**3/6 + 4*i**2 + i + 6. What is j(-8)?
-16
Let m = -437 - -418. Suppose 3*l + 16 = -q, l - 87 = 5*q + 25. Let x = m - q. Let f(o) = -o + 2. Give f(x).
-1
Let d(t) = 1 + 8*t + 8*t - 2 - 7*t. Let a(x) = -x**2 + 4*x + 34. Let n be a(8). Calculate d(n).
17
Let n(t) = -t - 1 - 18*t + 2. Let r = -567 + 568. Determine n(r).
-18
Let g = -3 - -2. Let s(a) be the second derivative of 3*a**5/20 + a**4/12 - 345*a. Calculate s(g).
-2
Let q(h) = 5*h**2 - 4*h + h**3 - 7 + 3*h - 6*h + 4*h + h. Calculate q(-5).
3
Let o(t) = -t**2 - 8*t + 15. Suppose 10 = -z - i - 1, -i = -5*z - 49. Calculate o(z).
-5
Suppose -m = 6*m - 140. Let l be (-14)/(-8) - ((-25)/m + 2). Let b(d) = 12*d**2 - d + 1. Calculate b(l).
12
Let z(g) = -g**3 - 6*g**2 + g - 3. Suppose -5*l + 495 = -5*q, -l = -3*l + 5*q + 186. Suppose 3*k - 6 = 5*s + 93, -k = -5*s - l. Let o = s + 15. Give z(o).
-9
Let d = 54 + -52. Let z(s) = -4*s + 4*s**2 - d*s**2 - 3 + 0*s**2 - 4*s**2. Determine z(-3).
-9
Let w(r) = -4*r**3 + r + 32. Let p(y) = -y**3. Let x(m) = 5*p(m) - w(m). Give x(0).
-32
Suppose -2 = -4*v + 6. Let l(r) = -r - 11 + 10 + 4*r**3 - 6*r**3 - r**v. Give l(-1).
1
Let t(s) = 11 + 9 - 3*s - 24. Determine t(-4).
8
Let u(w) = w**2 - 11*w + 15. Let q be u(11). Suppose q = 3*t - 2*t. Suppose 5*s = t + 10. Let c(r) = -r + 10. Determine c(s).
5
Let b(p) = -11*p**3 - 41*p**2 + 4*p + 21. Let d(x) = 4*x**3 + 14*x**2 - x - 5. Let l(r) = -3*b(r) - 8*d(r). Calculate l(-11).
21
Suppose -15 = -2*a - 5. Let t(o) be the first derivative of -19 - 3*o + 1/2*o**2. Determine t(a).
2
Suppose -2*m + 8 = 0, 2*i - 37*m = -40*m - 2. Let t(h) = h**3 + 6*h**2 - 7*h + 14. Determine t(i).
14
Let j(k) = k**3 + 9*k**2 - 10*k - 1. Let b be j(-10). Let f(g) = -20*g**2 - g. Calculate f(b).
-19
Let s(c) = -c**3 - 5*c**2 - 3*c + 3. Let k(o) = 4*o**3 + 14*o**2 + 10*o - 8. Let y(h) = -2*k(h) - 7*s(h). Give y(4).
47
Let a(p) = -p**3 + 11*p**2 - p + 4. Let s be a(11). Let b = 6 + s. Let c(j) be the second derivative of -j**3/6 - 12*j. What is c(b)?
1
Let r(j) = 2*j**2 + 5*j + 4. Let n be r(-2). Let t(z) = 8*z - 4. Give t(n).
12
Let l(t) = t**3 - 3*t**2 - 5. Let f = -315 + 319. What is l(f)?
11
Let g(c) = c**2. Let w = -14 + 16. Suppose -5*a = 6*s - s - 35, w = -4*a + 2*s. Suppose -5*f + 5*d = -25, f - 10 = a*f + 2*d. What is g(f)?
0
Let r(c) = c**2 - 3*c - 2. Let y(z) = 2*z**3 - z**2 + 17*z - 11. Let w(g) = g**3 - g**2 + 8*g - 6. Let x(o) = -13*w(o) + 6*y(o). Let l be x(7). Determine r(l).
8
Suppose 4*w - 2 = 3*w. Let c(o) = -5. Let q(v) = v - 24. Let d(p) = -5*c(p) + q(p). Calculate d(w).
3
Suppose 0 = 1664*j - 1653*j - 44. Suppose 0 = -5*d + 2*d + 33. Let k(t) = -5*t + 8. Let r(w) = -14*w + 24. Let g(a) = d*k(a) - 4*r(a). Calculate g(j).
-4
Let u(k) be the second derivative of -k**4/4 - k**3/3 + k**2/2 - k. Suppose -14*p - 117 + 67 = 11*p. Determine u(p).
-7
Let y(f) be the third derivative of -f**9/60480 - f**8/20160 + f**6/60 + 5*f**5/12 - 25*f**2. Let z(s) be the third derivative of y(s). Determine z(0).
12
Let k(a) = a**3 + a**2 - a + 4. Let l(r) = -r**2 - 32*r - 31. Let j be l(-31). Give k(j).
4
Let b(h) = -h**3 + 4*h**2 + 3*h + 6. Let y(d) = -d - 5. Let s be y(-9). Suppose -s*q = 130 - 598. Let m be 86/18 + 26/q. Give b(m).
-4
Let s(f) = f**3 - 6*f**2 - f - 12. Let m(a) = 20*a - 194. Let x be m(10). Determine s(x).
-18
Let j(u) = -u**3 + 7*u**2 - u + 4. Let y be j(7). Let i(z) = -2*z - 4. Calculate i(y).
2
Let w(f) = -f**2 - 9*f - 8. Let k(u) = -u**2 + 13*u - 46. Let j(s) = -3*s + 53. Let d be j(16). Let p be k(d). What is w(p)?
10
Suppose -56 = 290*n - 282*n. Let q(w) = -w**2 - 5*w + 8. Determine q(n).
-6
Let m(h) be the third derivative of -h**4/24 + 2*h**3/3 + 82*h**2. Give m(2).
2
Let y(r) = -r**3 - 5*r**2 + 2. Let u(w) = -w**2 + 1. Let j(m) = 3*u(m) - y(m). What is j(-3)?
-8
Let f(i) = 9*i**2 + 2. Let u(p) = -p**3 + 5*p**2 - 9*p + 7. Let w be u(2). Give f(w).
11
Let b(z) = -z**3 + 10*z**2 + 13*z - 20. Let q(g) = -2*g**2 + 17*g + 66. Let d be q(11). Calculate b(d).
2
Let f(x) = 25*x + x**2 - 15*x + 5 - 15*x. Let u be f(4). Let g(m) = m**3 + 2*m**2 - m. What is g(u)?
2
Let o(r) = -r - 1. Let j(a) be the second derivative of -9*a - 7/6*a**3 + 0 + 5/2*a**2. Let h(g) = j(g) + 6*o(g). What is h(-1)?
12
Let w(h) be the third derivative of -h**4/24 + h**3/6 + 7*h**2. Let o = -16 - -11. Determine w(o).
6
Suppose -3*n + 5*o = -26, o + 14 = 2*n - 1. Let z(m) = -m**2 + 5 - 4*m**2 + 6*m + 4*m**2 + 5. What is z(n)?
3
Let o(f) = -f**2 - 9*f - 2. Let x be o(-8). Let v(i) = 1 + 0*i - i**3 + 0 - x*i + i**2 + 6*i**2. Give v(6).
1
Suppose -4*v - 8 = 4*z, 53*z - 5 = 48*z. Let w be 0/((0 + 1)*2). Let b(s) = w - 2 - 3*s - 5 + 5. Calculate b(v).
7
Let y be (-1)/(1 + (-8)/7). Let f(t) be the third derivative of t**4/24 - 7*t**3/6 - 5*t**2 + 5. Calculate f(y).
0
Let w be (-53)/3 + (-80)/(-30). Let j(p) = p**3 + 15*p**2 + 7. What is j(w)?
7
Let d(v) = -3*v**2 + 8 + v - 9 + 3*v - v**3. Let u be (-254)/12 + (-7)/(-42). Let h = -25 - u. Give d(h).
-1
Let s(u) = u**3 - 9*u**2 + 9*u - 6. Let y be s(8). Let i be -1 - -5*y/2. Suppose 24 = i*f + 8. Let k(v) = 2*v - 6. Calculate k(f).
2
Let o(p) = p**2 - 5*p + 5. Let q = -199 - -119. Let x = -74 - q. Determine o(x).
11
Let b(s) = 270 - 3*s**3 - 282 + 4*s**3. What is b(0)?
-12
Let j = 6140 + -6138. Let n(a) = -2*a + 17. Let m(g) = -2. Let f(s) = 18*m(s) + 2*n(s). Give f(j).
-10
Let r(f) = f**2 + f - 2. Let w be -10*(-2 + 1)/(-2). Determine r(w).
18
Let f(n) = n + 81. Let v(t) = -2*t - 124. Let w(r) = -8*f(r) - 5*v(r). What is w(12)?
-4
Let f(a) = a**3 + 6*a**2 + 6*a + 14. Let h be f(-5). Let l(v) = -h*v - 191 + 185 + v - v**2. Give l(-6).
6
Let o(n) be the third derivative of 5/24*n**4 + 0*n + 0 + 1/60*n**5 - n**2 + 1/2*n**3. Let u(m) = m - 3. Let i be u(0). Calculate o(i).
-3
Let i(s) = s**3 - 3*s**2 - 9*s - 4. Let x = -1075 - -1080. What is i(x)?
1
Let z(j) = 2*j + 0*j + 9 + j - 4*j. Suppose 0 = -19*c + 227 - 227. What is z(c)?
9
Let c(b) = -7*b + 20. Let o(p) = -p**3 + 41*p**2 + 2*p - 79. Let r be o(41). Determine c(r).
-1
Let l(d) = 1. Let i(k) = 5*k. Let s(j) = -i(j) - l(j). Let z be (144/(-216))/(2/(-6)). Give s(z).
-11
Let p(f) be the third derivative of 0*f + 10*f**2 + 1/120*f**6 - 1/10*f**5 + 0 - 7/24*f**4 + 1/3*f**3. Determine p(7).
2
Suppose -5*g + 46 = -7*g. Suppose 104 - 8 = -4*y. Let q = y - g. Let a(l) = 9*l**2 - l - 1. What is a(q)?
9
Let q(y) = 23*y - 73. Let w be q(3). Let o(v) be the second derivative of v**3/3 - 2*v**2 - v. What is o(w)?
-12
Let z be 1 + (-4)/4 - -4. Suppose z*k - 12 = k. Let q(l) = -l**3 + 3*l**2 + 7*l - 10. Let p be q(k). Let c(h) = h**3 - h**2 - 3*h + 3. Give c(p).
1
Let b(x) = -3*x - 6 - x + 3*x. Let q be b(-10). Let m(g) = -4*g**2 - 5*g - 6. Let o(t) = 5*t**2 + 4*t + 7. Let p(u) = q*m(u) + 3*o(u). What is p(-3)?
12
Let u(w) be the second derivative of w**5/10 - w**4/2 + w**3/3 - 5*w**2/2 + 6*w + 35. What is u(4)?
35
Let t be 4*(3 - 10/4). Suppose t*x - 15 = -x. Suppose x*p + 12 = 32. Let a(b) = b**3 - 5*b**2 + 3*b + 4. What is a(p)?
0
Let s(u) be the first derivative of -u**4/12 + u**3/2 + 3*u**2/2 - 24*u + 9. Let v(b) be the first derivative of s(b). Suppose 0 = 3*q + q + 8. What is v(q)?
-7
Let h(g) = 3*g**2 + g - 2. Let r = -15 + 18. Let w(i) be the first derivative of -2*i**3/3 - i**2/2 + 2*i + 6. Let n(f) = r*h(f) + 4*w(f). Calculate n(3).
8
Let b = 52 - 44. Let k(g) = -g - g + 3 - 3*g**2 - 15*g**3 + b*g**3 + 8*g**3. What is k(3)?
-3
Let s = -141 - -136. Let j(r) be the second derivative of 4/3*r